l. Is 12 a factor of (-4)/(8/2) - y?
False
Let v(o) = -3*o + 20. Suppose -18 = 2*n - 4. Is v(n) a multiple of 41?
True
Let c = 708 - 1014. Let f = 519 + c. Is f a multiple of 18?
False
Let f be (-2)/3 + 8/3. Let d be f/(-3) - (-1036)/(-21). Let l = d + 85. Is 11 a factor of l?
False
Let o(l) = l - 1. Let t(k) = 4*k**2 + 6*k - 8. Let v(i) = -2*o(i) + t(i). Let r be (3/2)/((-6)/(-16)). Does 12 divide v(r)?
False
Let y(b) = b**3 + b**2 - b + 2. Let j be y(-2). Let n = 63 + j. Is 9 a factor of n?
True
Let s = 16 + -54. Let c = s - -60. Does 14 divide c?
False
Is 326 + 48 + 8/2 a multiple of 7?
True
Suppose 5*h + 3*w = 6933, 4*h - 816 = 4*w + 4724. Is 33 a factor of h?
True
Suppose 5*j - 3518 = -4*b, 0 = 3*j + 17*b - 15*b - 2110. Does 9 divide j?
True
Let a(k) = -k**2 + 8*k - 4. Let u be a(7). Suppose u*j - 6 = -42. Let x(g) = -g**3 - 11*g**2 + 12*g + 3. Does 2 divide x(j)?
False
Is ((-18060)/(-9))/14*3 a multiple of 23?
False
Let j(h) = h**2 + 3*h - 26. Is j(24) a multiple of 12?
False
Let x be -2 + -1 - (-12)/2. Suppose 119 = 4*t - x*t. Does 17 divide t?
True
Let k = 244 - 240. Suppose -r - 272 = -3*r. Suppose -w = -p - 4*p + 255, -k*w - r = -3*p. Is 13 a factor of p?
True
Let r(c) = 120*c - 50. Let i(a) = -40*a + 17. Let f(u) = 17*i(u) + 6*r(u). Is 14 a factor of f(3)?
False
Let b(k) be the second derivative of 5*k**4/12 + 7*k**3/6 + 2*k**2 - 3*k. Let r be b(-4). Suppose -2*m - 5*p = -r, 3*p = -p. Is 7 a factor of m?
True
Let g(q) = 69*q**2 - 2*q - 2. Let i be g(-2). Let h = i - 140. Is h a multiple of 23?
True
Let l(m) = -m**3 + 16*m**2 - 15*m + 2. Let b be l(15). Suppose 0*y - b*y = 0. Suppose y = -r - 5*h + 5, -5*h + 0 = 10. Does 4 divide r?
False
Suppose 7*j + 339 = 1445. Let b = j - -36. Does 15 divide b?
False
Let v be (1/(-2))/(-1 + 27/30). Let o(m) = -m**2 + 7*m - 5. Does 5 divide o(v)?
True
Suppose 2*r - 3 = -2*m + 1, -22 = 3*m - 4*r. Let o be 1*147*m/(-3). Suppose -3*u + o = -70. Does 14 divide u?
True
Let o = -52 - -85. Let i = 175 - o. Suppose -3*y + i = 5*g + y, 0 = -g + 2*y + 34. Does 10 divide g?
True
Suppose -3*u - 3*m = -m - 33, -m = 0. Is 10 a factor of u?
False
Suppose 0 = -0*j + 2*j - 1388. Is j a multiple of 69?
False
Let x be (-2 - -12)*24/10. Let h = x - 15. Is h even?
False
Suppose 0 = 3*x - 5*u - 4 - 1, 2*u = -5*x + 29. Suppose 2*a = -x*a + 700. Is 10 a factor of a?
True
Let y(c) = 202*c**2 + 21*c - 22. Is 42 a factor of y(4)?
False
Suppose -k + 3 = -2*b, 0 = 4*b + b - 3*k + 9. Suppose -v = -2*a + 146, 3*a = -b*a + 5*v + 212. Is 10 a factor of a?
False
Let b(l) = -l**3 - 3*l**2 - 6*l - 5. Let i be b(-3). Suppose i*n + 380 = 17*n. Is n a multiple of 12?
False
Suppose 76 = 27*r - 25*r. Is r even?
True
Does 8 divide (-271)/(42/(-18) + (-16)/(-12))?
False
Let q(m) = -3*m**3 - 8*m - 36*m**3 - m**2 + 7*m. Let j = -11 - -10. Does 10 divide q(j)?
False
Let h(a) = -3*a**3 - 23*a**2 + 3*a + 48. Let b(k) = -k**3 - 8*k**2 + k + 16. Let p(d) = -11*b(d) + 4*h(d). Is p(-6) a multiple of 13?
False
Suppose 4*k = b + 33, -3*k = -4 - 2. Let s = b + 43. Is 5 a factor of s?
False
Let d(w) be the third derivative of w**5/2 + w**4/6 + 2*w**3/3 + 14*w**2. Let x be d(-2). Suppose 0 = -m + x - 32. Does 28 divide m?
True
Let r(o) = -2*o - 4*o**2 - o**3 - 3 + 8 - 4*o**2 - 6. Let m be r(-8). Suppose -93 = -3*f + m. Is 12 a factor of f?
True
Let u = -15 + 24. Suppose -5*v = 2*y - 51, v + 4*y - u*y + 6 = 0. Does 4 divide v?
False
Let o be (260/25)/(3/30*-2). Let i = 158 - o. Is i a multiple of 42?
True
Let x = 1921 - 1107. Is 38 a factor of x?
False
Let y(r) be the second derivative of 7*r**3/6 - 15*r**2 + 17*r. Does 19 divide y(12)?
False
Suppose 8*b - 9*b = 0. Suppose -4*p = -k + 2*k - 5, b = 2*k + p + 4. Does 7 divide (-1 + 28)*(-2 - k)?
False
Suppose -4*b = 2*o - 1054, -6*o - 260 = -b - 10*o. Is b a multiple of 11?
True
Let j(c) = -c - 19. Let w be j(-19). Suppose w*l - 171 = -9*l. Does 19 divide l?
True
Let c = -2363 - -3710. Is 24 a factor of c?
False
Let k = 17 + -27. Let r be 3/2*152/228. Let y = r - k. Is y a multiple of 4?
False
Let x(c) = 16*c + 208. Is 24 a factor of x(18)?
False
Suppose -47*m = -9*m - 199652. Is m a multiple of 97?
False
Let q = 390 - 400. Let m(n) = 5*n**2 + 19*n - 5. Let j(l) = l**2 + l - 1. Let r(z) = 4*j(z) - m(z). Does 17 divide r(q)?
True
Is 9 - (-1 + -119 + -6) a multiple of 5?
True
Let c(m) = -6*m**3 - 5*m**2 + 6. Let g(v) = -v**3 + 7*v**2 + v - 10. Let k be g(7). Is c(k) a multiple of 17?
False
Let u be 6*(2 - 6/4). Suppose -4*z + 7 + 5 = 2*t, z = u. Suppose t*k = -4*k + 128. Does 9 divide k?
False
Let f = 59 + -56. Let b(m) = 13*m**2 + 4*m - 6. Does 13 divide b(f)?
False
Suppose -3*u + 20 = -4*u. Does 11 divide (-4)/20 + (-504)/u?
False
Suppose -o + 147 = 2*o. Let j = o + 6. Does 11 divide j?
True
Suppose 0 = o - 2 + 5. Let p be o + (-2 - -6) + 109. Suppose -3*k - 26 = -p. Is 7 a factor of k?
True
Is 0/(-3) - (-414)/3 a multiple of 23?
True
Does 8 divide (-4030)/(-9) - (144/81 + -2)?
True
Let t = -308 + 328. Does 20 divide t?
True
Let u be (-30)/(-3)*(-5)/(-10). Let v be 5/(u/4)*2. Suppose -v*z + 3*z = -c + 62, -4*c - 4*z = -224. Does 19 divide c?
True
Let n(z) = -20*z**3 + z**2 - z. Let d be n(1). Let o be (d/(-5))/((-2)/(-31)). Is 0 + 0/(-3) + o a multiple of 9?
False
Let s = 122 - -154. Is 6 a factor of s?
True
Suppose -5*o - 60 = -90. Let b(w) = -w**2 + 22*w - 15. Is b(o) a multiple of 18?
False
Let o(h) = 36*h**3 + h**2 + 5*h - 17. Does 6 divide o(2)?
False
Suppose -v + 0 = 4. Let t(l) = -4*l + 2. Let c(q) = q. Let k(r) = -6*c(r) - t(r). Is k(v) a multiple of 3?
True
Suppose 23*b = 14*b + 4518. Is 34 a factor of b?
False
Let p = -20 + 7. Let g be 42 + 3/(3/2). Let t = g - p. Is t a multiple of 17?
False
Is (3152/(-3) - (-1)/(-3))/(-1) a multiple of 12?
False
Let u(x) = x - 1. Let n(j) = 14*j + 7. Let c(a) = n(a) + 3*u(a). Let b be c(4). Let f = -42 + b. Is 10 a factor of f?
True
Let b be (13 + -6)*6/(-7). Let v(n) be the first derivative of 2*n**3/3 + 4*n**2 - 2. Does 6 divide v(b)?
True
Does 12 divide 190/(-45) + 4 - (-20902)/18?
False
Let h be (-3 - 2)/(45/(-18)). Let w(o) = -o**2 + o + 5. Let p be w(h). Suppose f = -2*x + 17, -p*f + f = -10. Is 3 a factor of x?
True
Suppose -6*t + 611 = -2695. Is t a multiple of 13?
False
Suppose 2*i = 6 - 0. Suppose -i*b + 74 = 2*s, 4*b - 118 = -3*s + 3*b. Is 31 a factor of s?
False
Suppose -4 = 2*m - 0*m. Let x be (4 - 2)/(m/46). Does 12 divide x*1/(-4)*2?
False
Let w = 109 - 91. Is w a multiple of 3?
True
Suppose 0 = q - 4, -2*z - 1216 = -4*z - 3*q. Is z a multiple of 62?
False
Let n(k) = k**2 - 3*k + 5. Suppose -d = -1 - 0. Let h be (d/3)/((-1)/15). Is n(h) a multiple of 24?
False
Is 3 a factor of (-10)/(-8)*(3 + 1)?
False
Let h be 7 - (-3 + 6) - 2. Does 12 divide (-142)/(8/(-4)) + h?
False
Let d = 2116 + -676. Is d a multiple of 80?
True
Let u(i) = 581*i**2 - 24*i + 33. Does 53 divide u(2)?
False
Suppose 5*h = -j + 7, 2*h = -4*j - 3*h + 28. Let i(p) = 6*p - 8. Let o be i(j). Is 15 a factor of (21/7)/(3/o)?
False
Let c(b) = -8*b + 24. Let j be 4/(-4)*-2 - 14. Let d be c(j). Suppose -t = 4*t - d. Is 10 a factor of t?
False
Let a(u) = u**3 + 8*u**2 - 2*u - 1. Let o be a(-8). Let y = o - -60. Suppose -3*n + 125 + 104 = -p, n - p - y = 0. Is 19 a factor of n?
False
Let d(r) = 8*r**2 + 2*r - 3. Let w(v) = 3*v - 13. Let s be w(6). Suppose s*f - 6 = 2*f. Is 11 a factor of d(f)?
True
Let w = -148 - -238. Suppose -w = -2*i - 3*i. Does 9 divide i?
True
Let b(t) = -8*t + 252. Is b(23) even?
True
Suppose 4*r - 79 = 17. Let h(m) = m - 6. Let v be h(6). Suppose v*a - r = -a. Does 8 divide a?
True
Suppose 0 = -3*b + 6*b - 45. Is 10 a factor of b + 0 + -1 + -2 + -2?
True
Let m = 1138 - 828. Is 6 a factor of m?
False
Suppose -18 = z - 4*z. Does 6 divide z/(-9)*(2 - 29)?
True
Let b(p) = p**3 - 5*p**2 - p - 16. Let i be b(5). Does 40 divide 11 + -9 - i*13?
False
Let n(g) = -g + 11. Let h be n(8). Suppose -q - x = -3*x + 2, h*x = 2*q + 5. Is 19 a factor of 24 - (q - (-9)/3)?
False
Let z(g) = g**2 + 4*g - 1. Let o be z(-4). Let h be 1 + o/((-3)/9). Suppose -h*c = -117 - 63. Is 15 a factor of c?
True
Let s = -407 - -570. Let w = 281 - s. Suppose 0*a - 50 = -3*i + 4*a, -w = -5*i - 2*a. Is i a multiple of 6?
False
Let u(x) = -x + 1. Let h(t) = 18*t + 27. Let q(c) = -h(c) - 12*u(c). Is 